{"id":9,"date":"2025-08-21T20:43:58","date_gmt":"2025-08-21T20:43:58","guid":{"rendered":"https:\/\/pedrocabritacoaching.com\/?page_id=9"},"modified":"2025-08-21T20:49:27","modified_gmt":"2025-08-21T20:49:27","slug":"pedro-cabrita-coaching","status":"publish","type":"page","link":"https:\/\/pedrocabritacoaching.com\/","title":{"rendered":"Pedro Cabrita Coaching"},"content":{"rendered":"\t\t<div data-elementor-type=\"wp-page\" data-elementor-id=\"9\" class=\"elementor elementor-9\" data-elementor-post-type=\"page\">\n\t\t\t\t<div class=\"elementor-element elementor-element-51c95396 e-flex e-con-boxed e-con e-parent\" data-id=\"51c95396\" data-element_type=\"container\" data-settings=\"{&quot;background_background&quot;:&quot;classic&quot;}\">\n\t\t\t\t\t<div class=\"e-con-inner\">\n\t\t<div class=\"elementor-element elementor-element-983ddbb e-con-full animated-fast e-flex elementor-invisible e-con e-child\" data-id=\"983ddbb\" data-element_type=\"container\" data-settings=\"{&quot;animation&quot;:&quot;fadeInUp&quot;}\">\n\t\t\t\t<div class=\"elementor-element elementor-element-f0ce8c1 elementor-widget elementor-widget-heading\" data-id=\"f0ce8c1\" data-element_type=\"widget\" data-widget_type=\"heading.default\">\n\t\t\t\t\t<h1 class=\"elementor-heading-title elementor-size-default\">Treinos adaptados \u00e0 tua <span class=\"gradient-text\">realidade!<\/span><\/h1>\t\t\t\t<\/div>\n\t\t\t\t<div class=\"elementor-element elementor-element-54f31ef6 elementor-widget elementor-widget-text-editor\" data-id=\"54f31ef6\" data-element_type=\"widget\" data-widget_type=\"text-editor.default\">\n\t\t\t\t\t\t\t\t\t<p>Aqui n\u00e3o est\u00e1s sozinha. Tens acompanhamento, suporte, e um m\u00e9todo que j\u00e1 ajudou dezenas de mulheres a perder peso de forma realista e duradoura. O problema nunca foste tu. O problema foi o plano errado.<\/p>\t\t\t\t\t\t\t\t<\/div>\n\t\t\t\t<div class=\"elementor-element elementor-element-65a00b7f elementor-mobile-align-center elementor-widget elementor-widget-button\" data-id=\"65a00b7f\" data-element_type=\"widget\" data-widget_type=\"button.default\">\n\t\t\t\t\t\t\t\t\t\t<a class=\"elementor-button elementor-button-link elementor-size-sm\" href=\"http:\/\/wa.me\/351928052541\">\n\t\t\t\t\t\t<span class=\"elementor-button-content-wrapper\">\n\t\t\t\t\t\t\t\t\t<span class=\"elementor-button-text\">Transforma-te agora<\/span>\n\t\t\t\t\t<\/span>\n\t\t\t\t\t<\/a>\n\t\t\t\t\t\t\t\t<\/div>\n\t\t\t\t<\/div>\n\t\t<div class=\"elementor-element elementor-element-75e2ec8a e-con-full e-flex e-con e-child\" data-id=\"75e2ec8a\" data-element_type=\"container\">\n\t\t\t\t<div class=\"elementor-element elementor-element-18a45ee2 elementor-widget__width-initial elementor-invisible elementor-widget elementor-widget-image\" data-id=\"18a45ee2\" data-element_type=\"widget\" data-settings=\"{&quot;_animation&quot;:&quot;fadeInRight&quot;}\" data-widget_type=\"image.default\">\n\t\t\t\t\t\t\t\t\t\t\t\t\t\t\t<img fetchpriority=\"high\" decoding=\"async\" width=\"1063\" height=\"1394\" src=\"https:\/\/pedrocabritacoaching.com\/wp-content\/uploads\/2025\/08\/Academia-crossfit-fitness-social-media-9-2.webp\" class=\"attachment-full size-full wp-image-19\" alt=\"\" srcset=\"https:\/\/pedrocabritacoaching.com\/wp-content\/uploads\/2025\/08\/Academia-crossfit-fitness-social-media-9-2.webp 1063w, https:\/\/pedrocabritacoaching.com\/wp-content\/uploads\/2025\/08\/Academia-crossfit-fitness-social-media-9-2-229x300.webp 229w, https:\/\/pedrocabritacoaching.com\/wp-content\/uploads\/2025\/08\/Academia-crossfit-fitness-social-media-9-2-781x1024.webp 781w, https:\/\/pedrocabritacoaching.com\/wp-content\/uploads\/2025\/08\/Academia-crossfit-fitness-social-media-9-2-768x1007.webp 768w\" sizes=\"(max-width: 1063px) 100vw, 1063px\" \/>\t\t\t\t\t\t\t\t\t\t\t\t\t\t\t<\/div>\n\t\t\t\t<div class=\"elementor-element elementor-element-7b478127 elementor-widget elementor-widget-heading\" data-id=\"7b478127\" data-element_type=\"widget\" data-widget_type=\"heading.default\">\n\t\t\t\t\t<h6 class=\"elementor-heading-title elementor-size-default\">Garras Invenc\u00edveis - Unipessoal Lda. NIF: 224925326. NIPC: 518885682<\/h6>\t\t\t\t<\/div>\n\t\t\t\t<\/div>\n\t\t\t\t\t<\/div>\n\t\t\t\t<\/div>\n\t\t\t\t<\/div>\n\t\t","protected":false},"excerpt":{"rendered":"<p>Treinos adaptados \u00e0 tua realidade! Aqui n\u00e3o est\u00e1s sozinha. Tens acompanhamento, suporte, e um m\u00e9todo que j\u00e1 ajudou dezenas de mulheres a perder peso de forma realista e duradoura. O problema nunca foste tu. O problema foi o plano errado. Transforma-te agora Garras Invenc\u00edveis &#8211; Unipessoal Lda. NIF: 224925326. NIPC: 518885682<\/p>\n","protected":false},"author":1,"featured_media":0,"parent":0,"menu_order":0,"comment_status":"closed","ping_status":"closed","template":"elementor_canvas","meta":{"footnotes":""},"class_list":["post-9","page","type-page","status-publish","hentry"],"_links":{"self":[{"href":"https:\/\/pedrocabritacoaching.com\/index.php?rest_route=\/wp\/v2\/pages\/9","targetHints":{"allow":["GET"]}}],"collection":[{"href":"https:\/\/pedrocabritacoaching.com\/index.php?rest_route=\/wp\/v2\/pages"}],"about":[{"href":"https:\/\/pedrocabritacoaching.com\/index.php?rest_route=\/wp\/v2\/types\/page"}],"author":[{"embeddable":true,"href":"https:\/\/pedrocabritacoaching.com\/index.php?rest_route=\/wp\/v2\/users\/1"}],"replies":[{"embeddable":true,"href":"https:\/\/pedrocabritacoaching.com\/index.php?rest_route=%2Fwp%2Fv2%2Fcomments&post=9"}],"version-history":[{"count":7,"href":"https:\/\/pedrocabritacoaching.com\/index.php?rest_route=\/wp\/v2\/pages\/9\/revisions"}],"predecessor-version":[{"id":28,"href":"https:\/\/pedrocabritacoaching.com\/index.php?rest_route=\/wp\/v2\/pages\/9\/revisions\/28"}],"wp:attachment":[{"href":"https:\/\/pedrocabritacoaching.com\/index.php?rest_route=%2Fwp%2Fv2%2Fmedia&parent=9"}],"curies":[{"name":"wp","href":"https:\/\/api.w.org\/{rel}","templated":true}]}}